ate the highest common factor of 2040 and 6426.
102
What is the highest common divisor of 57348 and 540?
108
What is the greatest common factor of 109356 and 780?
156
Calculate the highest common divisor of 2276925 and 105.
105
What is the greatest common factor of 181737 and 1908?
477
What is the highest common divisor of 10251 and 493?
17
Calculate the highest common factor of 432 and 32272.
16
Calculate the greatest common factor of 59452 and 3560.
356
Calculate the highest common divisor of 1007 and 5300.
53
What is the highest common divisor of 53054 and 82?
82
What is the greatest common divisor of 654906 and 6510?
1302
What is the highest common divisor of 128 and 1548352?
64
What is the highest common divisor of 3991 and 871?
13
Calculate the highest common factor of 4734 and 36.
18
What is the highest common divisor of 8121907 and 74?
37
Calculate the highest common divisor of 95 and 2005.
5
What is the greatest common divisor of 138550 and 978?
326
What is the highest common divisor of 240 and 6340?
20
Calculate the highest common divisor of 1723166 and 124.
62
What is the highest common factor of 30069 and 7967?
257
What is the highest common factor of 84024 and 984?
24
Calculate the greatest common factor of 16088 and 42231.
2011
What is the greatest common factor of 133 and 27097?
7
Calculate the highest common factor of 8836 and 18988.
188
What is the greatest common divisor of 475 and 173546?
19
Calculate the highest common divisor of 89 and 823517.
89
What is the highest common divisor of 472 and 6313?
59
Calculate the greatest common factor of 68 and 94418.
34
Calculate the greatest common factor of 32404 and 20.
4
What is the highest common factor of 3560 and 40?
40
What is the greatest common divisor of 754912 and 496?
496
What is the highest common factor of 152 and 229672?
152
What is the greatest common divisor of 11026407 and 851?
851
What is the highest common divisor of 1355088 and 1776?
1776
Calculate the highest common divisor of 27080 and 70.
10
What is the greatest common divisor of 1576170 and 10?
10
Calculate the highest common divisor of 34821 and 876.
219
Calculate the greatest common factor of 64635 and 13485.
465
Calculate the highest common divisor of 55832 and 1904.
56
Calculate the highest common factor of 24 and 5995368.
24
Calculate the highest common factor of 1919 and 35855.
101
Calculate the highest common factor of 6466 and 97096.
106
What is the highest common factor of 1904490 and 315?
315
Calculate the highest common factor of 74 and 130499.
37
What is the highest common factor of 677017 and 11?
11
Calculate the greatest common divisor of 175992 and 16.
8
What is the highest common divisor of 246 and 49077?
123
Calculate the highest common factor of 1901656 and 16.
8
Calculate the greatest common factor of 697 and 1359847.
697
What is the highest common divisor of 120 and 38515?
5
Calculate the greatest common divisor of 3542 and 289058.
154
Calculate the highest common factor of 24893 and 43648.
341
Calculate the greatest common divisor of 1076660 and 40.
20
What is the greatest common factor of 15071 and 7?
7
Calculate the greatest common divisor of 194 and 866.
2
Calculate the greatest common divisor of 3600 and 6912.
144
Calculate the greatest common divisor of 212855 and 20.
5
What is the highest common divisor of 68 and 404?
4
Calculate the greatest common factor of 32732 and 227120.
668
Calculate the greatest common factor of 744 and 42439.
31
Calculate the greatest common divisor of 6 and 8394.
6
Calculate the highest common factor of 130 and 3501745.
65
Calculate the greatest common factor of 175835 and 230.
115
What is the highest common divisor of 1356 and 961178?
226
Calculate the highest common divisor of 1056 and 2156.
44
Calculate the highest common factor of 945 and 33885.
135
Calculate the highest common divisor of 1189 and 7859.
29
What is the greatest common divisor of 924 and 20805708?
924
What is the greatest common factor of 17 and 489889?
17
Calculate the highest common divisor of 579 and 2283.
3
What is the greatest common divisor of 6701508 and 144?
36
What is the highest common factor of 16 and 15558?
2
What is the highest common divisor of 242784 and 2592?
864
What is the greatest common factor of 128 and 2252?
4
Calculate the highest common divisor of 131 and 127332.
131
What is the highest common divisor of 1625 and 1755?
65
Calculate the highest common factor of 778 and 4.
2
What is the greatest common factor of 4928 and 6314?
154
What is the highest common divisor of 576 and 8055?
9
What is the highest common divisor of 38217540 and 20?
20
Calculate the highest common factor of 742 and 26606.
106
What is the greatest common factor of 1308 and 35425?
109
What is the greatest common divisor of 208 and 3627?
13
What is the greatest common divisor of 1220154 and 78?
78
Calculate the greatest common divisor of 28860 and 3315.
195
What is the greatest common factor of 22722 and 42?
42
Calculate the greatest common factor of 369453 and 47523.
1533
Calculate the greatest common divisor of 1396 and 38041.
349
What is the greatest common factor of 8058 and 204?
102
What is the highest common divisor of 365434 and 1424?
178
Calculate the highest common divisor of 12477 and 6.
3
Calculate the highest common divisor of 1044 and 38.
2
Calculate the highest common divisor of 8 and 1918764.
4
What is the highest common factor of 4503629 and 13?
13
Calculate the greatest common divisor of 171 and 10754.
19
Calculate the highest common factor of 1813 and 63862.
37
What is the greatest common divisor of 459 and 5083?
17
What is the greatest common divisor of 2078622 and 270?
54
What is the highest common factor of 73925 and 75?
25
Calculate the greatest common factor of 33625 and 875.
125
Calculate the highest common factor of 3321 and 14432.
41
Calculate the highest common divisor of 1646 and 338253.
823
Calculate the highest common factor of 754 and 27612.
26
Calculate the greatest common factor of 21724 and 52.
4
What is the greatest common divisor of 7 and 280896?
7
Calculate the highest common divisor of 2299 and 32791.
121
What is the highest common factor of 1180234 and 1936?
242
What is the highest common divisor of 19317 and 24957?
141
What is the greatest common divisor of 772926 and 2058?
294
Calculate the highest common factor of 57900 and 53700.
300
Calculate the highest common divisor of 50 and 15267650.
50
Calculate the highest common divisor of 75445 and 6685.
955
Calculate the greatest common divisor of 14442 and 4118.
58
What is the greatest common factor of 63 and 122038?
7
Calculate the highest common divisor of 13056 and 119.
17
What is the greatest common factor of 168 and 142548?
84
Calculate the greatest common factor of 128346 and 6.
6
Calculate the highest common factor of 52 and 199966.
26
Calculate the highest common divisor of 4710 and 195.
15
What is the highest common divisor of 210 and 12510?
30
What is the highest common divisor of 101 and 1455511?
101
Calculate the highest common divisor of 40482 and 198.
18
What is the highest common factor of 3129327 and 27?
27
What is the greatest common divisor of 3029683 and 76?
19
Calculate the highest common factor of 210 and 223545.
105
Calculate the highest common factor of 3 and 65661.
3
What is the highest common divisor of 12 and 9563256?
12
Calculate the highest common factor of 3484 and 1079.
13
Calculate the highest common divisor of 1820 and 186760.
140
What is the greatest common divisor of 78 and 2577822?
78
Calculate the highest common factor of 1846076 and 172.
172
Calculate the highest common factor of 613 and 1889879.
613
Calculate the highest common divisor of 64307 and 2404.
601
Calculate the highest common factor of 4876 and 10547.
53
Calculate the highest common factor of 66 and 8256.
6
Calculate the greatest common factor of 2065 and 2660.
35
What is the highest common factor of 77054 and 472?
118
What is the highest common divisor of 23244 and 13?
13
Calculate the highest common factor of 480 and 76240.
80
What is the greatest common factor of 836 and 14364?
76
Calculate the highest common divisor of 222 and 9426.
6
Calculate the highest common divisor of 86 and 4221826.
86
Calculate th